m be -2*1*-2*1. Suppose 6 = p - 3*h, -5*p = m*h - 1 - 10. Let f = 9 - 5. Calculate the remainder when f is divided by p.
1
Let v = 16 - 3. What is the remainder when ((-6)/(-4))/((-3)/(-76)) is divided by v?
12
Suppose -2*v - v + 30 = 0. Calculate the remainder when v is divided by 3.
1
Let b be (1 + 0)/(2/12). Suppose 0*p = p - b. Calculate the remainder when 16 is divided by p.
4
Let z = 5 + -1. Suppose -69 = -z*y + 31. Suppose 27 = 2*u + u. What is the remainder when y is divided by u?
7
Let z(j) = -j**3 + j**2. Let u be z(0). Suppose -2*y + 1 - 5 = u. What is the remainder when 64 is divided by (1/y)/((-4)/176)?
20
Suppose -2*s = -0*s - 10. Suppose -5*v + 7*p = 3*p - 55, s*p = -2*v + 55. Calculate the remainder when v is divided by 8.
7
Let j = -8 + 5. Let x = 2 - j. What is the remainder when (x - -1)*168/18 is divided by 19?
18
Calculate the remainder when 4 is divided by (3/2)/(14/28).
1
Suppose -2*y = 19 - 75. Suppose -4*h = -8*h + y. Calculate the remainder when 13 is divided by h.
6
Let t(z) = 16*z + 4. Let x be t(4). What is the remainder when 4/48*9*x is divided by 27?
24
Calculate the remainder when (7*1/(-4))/(71/(-852)) is divided by 11.
10
Let w = 118 + -84. Suppose c = -2*b - 0*c + w, 2*c = 8. Calculate the remainder when 57 is divided by b.
12
Let q(z) = z - 8. Let i be q(8). Suppose d - 3*p = -21, 2*d + i*d + 7 = -p. Let t(r) = -2*r - 5. Calculate the remainder when 19 is divided by t(d).
5
Let y = 5 - 2. Suppose 2*i - 2*c = -2*i + 84, -3*i + 72 = y*c. Calculate the remainder when 65 is divided by i.
21
Suppose -t + 15 = 3. Let g be 90/(-25) + 2/(-5). What is the remainder when 1/g - (-279)/t is divided by 12?
11
Calculate the remainder when (-4 - -7)*(-16)/(-3) is divided by 6.
4
Let g(x) = x**2 - 2. Suppose 2*a - 23 = -4*m - 1, 3*m - 3*a - 3 = 0. Calculate the remainder when 51 + (-2 - (-5 + 1)) is divided by g(m).
11
Let n(u) = u**3 + 536. Let r be n(0). Calculate the remainder when r/18 - (-2)/9 is divided by 16.
14
Let o(g) = g**3 - g - 5. Let n be 4/((-2)/(-4 + 0)). Calculate the remainder when o(4) is divided by 74/4 + 4/n.
17
Suppose 3*b + 60 = 6*b - 5*j, -3*b - 2*j + 60 = 0. What is the remainder when 37 is divided by b?
17
Suppose 3*u - 48 = 4*v - 145, 47 = 2*v - 3*u. Calculate the remainder when 47 is divided by v.
22
Suppose 0 = -3*a + 7 - 1. Suppose 4*w = -2*h + 20, 0 - 4 = -w. Calculate the remainder when a is divided by h.
0
Suppose 0 = 5*m - 10*m + 10. Let o be (0/2)/(m/1). Suppose -4*r - 8 = o, -4*u + r - 2*r + 42 = 0. What is the remainder when u is divided by 3?
2
Let s = -14 + 32. Suppose n = -5 + s. Calculate the remainder when n is divided by 8.
5
Let t be 2/(-7) - (-60)/14. Suppose 5*u - 5 = 0, -j - t*u = -0*j - 15. Calculate the remainder when j is divided by 8.
3
Let g = 15 + 5. Let k(m) = 14*m - 6. Let q(j) = 7*j - 3. Let y(f) = 6*k(f) - 11*q(f). What is the remainder when g is divided by y(2)?
9
Let w be (-40)/6*96/(-20). Let z = w + -11. Calculate the remainder when z is divided by 11.
10
Suppose 5*q + 20 = -5*v, 0 = -v + 2 - 7. What is the remainder when 1 is divided by q?
0
Let d = 33 + 50. What is the remainder when d is divided by 14?
13
Let a = 6 - -17. Suppose -22 + 156 = 2*w. What is the remainder when w is divided by a?
21
Let w = 24 + 16. Calculate the remainder when 117 is divided by w.
37
What is the remainder when 58 is divided by ((-48)/9)/(-4)*9?
10
Suppose -i - 4 = -2*j, -2*j - 2*i = 3*i - 16. Let y(g) = 5*g + 1. What is the remainder when ((-329)/21)/(-2 - 5/(-3)) is divided by y(j)?
15
Suppose -26*q + 44 = -22*q. Suppose 3*f - 5*m - 18 - 20 = 0, -2*m - 53 = -3*f. Suppose -5 = 4*h - f. Calculate the remainder when q is divided by h.
3
Let s(o) be the third derivative of -13*o**4/24 + o**3/6 + 7*o**2. What is the remainder when s(-3) is divided by 14?
12
Let l = 15 - 7. Calculate the remainder when 39 is divided by l.
7
Suppose -2*v + 7*v = -120. What is the remainder when 2 is divided by (-1)/2 - v/16?
0
Suppose -3*v - v + 56 = 0. What is the remainder when v is divided by (-2)/4 + 22/4?
4
Let f(v) = 8*v - 20. What is the remainder when f(14) is divided by 19?
16
Let c(h) = 1. Let w(r) = 10*r - 1. Let u(p) = -2*c(p) - w(p). Calculate the remainder when u(-1) is divided by 5.
4
What is the remainder when 38 is divided by (3/2)/((-9)/(-120))?
18
Suppose 3*d = d + 36. What is the remainder when 89 is divided by d?
17
Suppose 2*p + p - 24 = 0. Suppose -p - 27 = -5*g. What is the remainder when (0 - -1) + (-3 - -22) is divided by g?
6
Suppose 3 = c + 4*s - 19, 5*c + 2*s - 20 = 0. Suppose -c*k + 6*k = x + 10, 4*x + 3*k = 55. Suppose 4*l = l + 12. Calculate the remainder when x is divided by l.
2
Let d = 3 - -40. Calculate the remainder when d is divided by 11.
10
Let b(s) = -3*s - 1. Suppose -t - 1 = m, 0*m + 5*t + 11 = -2*m. What is the remainder when b(-2) is divided by m?
1
Let n = 8 - 6. Calculate the remainder when 5 is divided by n.
1
Let y = 66 + -44. Let x(w) = -w**2 - 8*w + 5. What is the remainder when y is divided by x(-7)?
10
Let a(m) = m**2 + 5*m - 2. Calculate the remainder when 85 is divided by a(3).
19
Suppose 0 = -0*r - r - 5*n + 22, 2*r + 12 = 4*n. Suppose -23 - 27 = -r*m. What is the remainder when m is divided by 9?
7
Suppose 0 = o + 2*o. Suppose h = -o*h. Calculate the remainder when 31 is divided by h + 8*(1 - -1).
15
Let d(k) = 4*k - 3. Let o be d(5). Suppose 18*t - 3 = o*t. What is the remainder when t is divided by (-1 - (-10)/6)*3?
1
Suppose d - 7 = -4*g - 4*d, g - d = 13. Let y be 6/3*(-3)/(-2). Suppose 0 = 5*s - 4*k - 23 - 71, -y*s + 3*k = -54. What is the remainder when s is divided by g?
6
Let n(p) = p**3 + 9*p**2 - 11*p + 6. What is the remainder when 63 is divided by n(-10)?
15
Let u = 15 - -2. Calculate the remainder when 65 is divided by u.
14
What is the remainder when (-145)/(-3) + -2 + (-16)/(-6) is divided by 18?
13
Let n = -3 - -10. Let j(l) be the third derivative of l**4/12 + 5*l**3/6 - 6*l**2. Calculate the remainder when j(7) is divided by n.
5
Calculate the remainder when 9 is divided by 2/(4*2/12).
0
Let q be (2 - -1)*1 + 1. Let m be -1 - -3 - 0 - 2. Suppose -j - 1 = m, q = 2*r - j - 21. Calculate the remainder when 35 is divided by r.
11
Suppose -5*p - 40 = 125. Let k = 57 + p. Calculate the remainder when 70 is divided by k.
22
Let g(y) = y**2 + 2*y + 14. What is the remainder when g(0) is divided by 4?
2
Suppose -4*c + 210 = -c. Let v(x) = x**2 + 7*x + 6. What is the remainder when c is divided by v(-9)?
22
Let m = 31 - 16. Let k(f) = 7*f**3 - f**2 + 6*f - 7. What is the remainder when k(2) is divided by m?
12
Suppose -3*v - 9 = o + 2*o, -4*v + 3*o + 23 = 0. Calculate the remainder when 21 is divided by -1 + v + (-22)/(-2).
9
Suppose y - 2*y = -4. Suppose 0 = 4*g - 54 + 10. What is the remainder when g is divided by y?
3
Let h(u) = 10*u**2 - 1. Let b(r) be the third derivative of r**4/24 - r**3/3 - r**2. Let x be b(3). Calculate the remainder when 26 is divided by h(x).
8
Suppose 3*o - 213 = -4*h, -2*h + o + 74 + 45 = 0. Calculate the remainder when h is divided by 20.
17
Suppose -2*o = -36 - 26. Calculate the remainder when 60 is divided by o.
29
Suppose -6 = 2*r, -5*n - 4*r + 152 = -n. What is the remainder when n is divided by 7?
6
Let v = 13 + 6. Calculate the remainder when 55 is divided by v.
17
Suppose 0*b + 13 = b. What is the remainder when b is divided by 5?
3
Suppose -7*p - 36 = -13*p. Suppose -2*j = 3*j - 150. Suppose -2*q + j = -0*x + 2*x, 4*x - 32 = 3*q. What is the remainder when x is divided by p?
5
Let j be 1*5/(10/8). Suppose -j*l = 4 - 32. Calculate the remainder when (-712)/(-36) + 4/18 is divided by l.
6
Suppose -65 = -4*v - v. What is the remainder when 49 is divided by v?
10
Suppose 3*i = 3*q + 6, 0 = 3*i - 0*q - 2*q - 6. Calculate the remainder when 69 is divided by ((-3)/i)/((-4)/48).
15
Suppose -14 = -2*h - 3*o - o, -3*o + 70 = 5*h. Calculate the remainder when 49 is divided by h.
15
Let m(n) = 8*n - 4. What is the remainder when 47 is divided by m(2)?
11
Suppose -3*c = c - 992. Suppose 92 = -z - 4*h, -6 = 3*z + h + c. Calculate the remainder when (-4 - -3) + z/(-2) is divided by 14.
13
Let v = -68 + 106. Calculate the remainder when v is divided by 10.
8
Suppose -5*y = -10 - 20. Suppose 4*u = y*u - 18. Suppos